{"id":3507,"date":"2024-03-16T15:25:56","date_gmt":"2024-03-16T15:25:56","guid":{"rendered":"https:\/\/radiosucumbios.org.ec\/?page_id=3507"},"modified":"2024-03-16T15:34:07","modified_gmt":"2024-03-16T15:34:07","slug":"buson-ciudadano-radio-sucumbios","status":"publish","type":"page","link":"https:\/\/radiosucumbios.org.ec\/?page_id=3507","title":{"rendered":"BUZ\u00d3N CIUDADANO RADIO SUCUMB\u00cdOS"},"content":{"rendered":"\n<p>Un espacio que nos permite la recepci\u00f3n, almacenamiento y contestaci\u00f3n de mensajes que los ciudadanos env\u00edan a trav\u00e9s de este espacio en la web.<\/p>\n","protected":false},"excerpt":{"rendered":"<p>Un espacio que nos permite la recepci\u00f3n, almacenamiento y contestaci\u00f3n de mensajes que los ciudadanos env\u00edan a trav\u00e9s de este espacio en la web.<\/p>\n","protected":false},"author":2617,"featured_media":0,"parent":0,"menu_order":0,"comment_status":"closed","ping_status":"closed","template":"","meta":{"footnotes":""},"class_list":["post-3507","page","type-page","status-publish","hentry"],"_links":{"self":[{"href":"https:\/\/radiosucumbios.org.ec\/index.php?rest_route=\/wp\/v2\/pages\/3507","targetHints":{"allow":["GET"]}}],"collection":[{"href":"https:\/\/radiosucumbios.org.ec\/index.php?rest_route=\/wp\/v2\/pages"}],"about":[{"href":"https:\/\/radiosucumbios.org.ec\/index.php?rest_route=\/wp\/v2\/types\/page"}],"author":[{"embeddable":true,"href":"https:\/\/radiosucumbios.org.ec\/index.php?rest_route=\/wp\/v2\/users\/2617"}],"replies":[{"embeddable":true,"href":"https:\/\/radiosucumbios.org.ec\/index.php?rest_route=%2Fwp%2Fv2%2Fcomments&post=3507"}],"version-history":[{"count":3,"href":"https:\/\/radiosucumbios.org.ec\/index.php?rest_route=\/wp\/v2\/pages\/3507\/revisions"}],"predecessor-version":[{"id":3512,"href":"https:\/\/radiosucumbios.org.ec\/index.php?rest_route=\/wp\/v2\/pages\/3507\/revisions\/3512"}],"wp:attachment":[{"href":"https:\/\/radiosucumbios.org.ec\/index.php?rest_route=%2Fwp%2Fv2%2Fmedia&parent=3507"}],"curies":[{"name":"wp","href":"https:\/\/api.w.org\/{rel}","templated":true}]}}