{"id":99,"date":"2017-07-10T22:24:23","date_gmt":"2017-07-10T22:24:23","guid":{"rendered":"http:\/\/radiosucumbios.org.ec\/?page_id=99"},"modified":"2024-03-13T23:41:27","modified_gmt":"2024-03-13T23:41:27","slug":"nosotros","status":"publish","type":"page","link":"https:\/\/radiosucumbios.org.ec\/?page_id=99","title":{"rendered":"Nosotros"},"content":{"rendered":"<h1>Ub\u00edcanos en el mapa<\/h1>\n<p><iframe src=\"https:\/\/maps.google.com\/maps?q=Av+Venezuela+y+Av+Progreso%2C+Nueva+Loja&amp;t=m&amp;z=15&amp;output=embed&amp;iwloc=near\" frameborder=\"0\" marginwidth=\"0\" marginheight=\"0\" scrolling=\"no\"><\/iframe><\/p>\n<h1>Misi\u00f3n, Visi\u00f3n e Historia de Radio Sucumb\u00edos<\/h1>\n<h1>Misi\u00f3n:<\/h1>\n<p style=\"text-align: center;\">Radio Sucumb\u00edos es una emisora comunitaria, servicio pastoral del Vicariato Apost\u00f3lico de San Miguel de Sucumb\u00edos, con autonom\u00eda de gesti\u00f3n econ\u00f3mica; produce y difunde programas informativos, educativos, de entretenimiento y evangelizaci\u00f3n, promueve la participaci\u00f3n ciudadana y el di\u00e1logo social de los habitantes de las provincias de Sucumb\u00edos y Orellana, con sentido inclusivo, plurinacional e intercultural para una comunicaci\u00f3n del Buen Vivir.<\/p>\n<h6>VIDEO: V\u00edctor G\u00f3mez director hace una rese\u00f1a hist\u00f3rica.<\/h6>\n<p>https:\/\/www.youtube.com\/watch?v=aQ3AhlTW-1Q<\/p>\n<h6>VIDEO: Historia de la radio (2013)<\/h6>\n<p>https:\/\/www.youtube.com\/watch?v=HAk0Xxa3oKM<\/p>\n<h1>Visi\u00f3n:<\/h1>\n<p style=\"text-align: center;\">Al a\u00f1o 2031, Radio Sucumb\u00edos es referente en la comunicaci\u00f3n popular y comunitaria, con un equipo humano profesional y comprometido socialmente con los sectores marginados a la luz del evangelio liberador. Cuenta con tecnolog\u00eda de vanguardia y cobertura consolidada en el \u00e1rea de concesi\u00f3n en Sucumb\u00edos y Orellana, primeros en preferencia de sinton\u00eda y solvencia financiera.<\/p>\n<h2 style=\"text-align: center;\">C\u00d3DIGO DE \u00c9TICA RADIO SUCUMBIOS 105.3 y 100.5 FM<\/h2>\n<p>Radio Sucumb\u00edos es una emisora localizada en la provincia de Sucumb\u00edos, con frecuencia FM dial 105.3 y 100.5, est\u00e1 comprometida con la comunicaci\u00f3n comunitaria, popular y multi\u00e9tnica. Nuestra labor se enfoca en la difusi\u00f3n de contenidos culturales y educativos, promoviendo siempre la diversidad y el respeto a todas las formas de religiosidad y espiritualidad. Creemos firmemente en la importancia de una comunicaci\u00f3n libre y democr\u00e1tica.<br \/>\nEn Radio Sucumb\u00edos, entendemos la comunicaci\u00f3n como un Derecho Humano fundamental, y nos regimos por la Constituci\u00f3n, la Ley Org\u00e1nica de Comunicaci\u00f3n y su respectivo Reglamento. Nuestro trabajo se basa en principios \u00e9ticos s\u00f3lidos, y a continuaci\u00f3n presentamos nuestro c\u00f3digo de \u00e9tica, el cual gu\u00eda nuestras acciones y decisiones:<\/p>\n<p style=\"text-align: left;\">\n1. Transmitir informaci\u00f3n precisa y veraz:<br \/>\n&#8211; Verificaremos y contrastaremos las noticias que difundimos, invitando a los actores y las actoras que las generan.<br \/>\n&#8211; Buscaremos que la informaci\u00f3n que difundimos sea relevante y se genere desde lo local hasta lo regional y nacional.<br \/>\n&#8211; Nos comprometemos a brindar informaci\u00f3n precisa y verificada. Verificamos los hechos antes de difundirlos y nos esforzamos por presentar una imagen completa y equilibrada de los eventos y temas que tratamos.<\/p>\n<p style=\"text-align: left;\">\n2. L\u00ednea editorial:<br \/>\n&#8211; Mantenemos nuestra independencia editorial y nos aseguramos de que nuestras decisiones no est\u00e9n influenciadas por intereses pol\u00edticos, econ\u00f3micos o de cualquier otra \u00edndole. No aceptamos presiones externas que puedan comprometer nuestra integridad.<br \/>\n&#8211; Difundiremos noticias que contribuyan al crecimiento personal, intelectual, emocional, f\u00edsico, social, cultural, pol\u00edtico organizacional y econ\u00f3mico de las personas, siempre respetando su ideolog\u00eda y credo.<br \/>\n&#8211; En casos de tragedia, la informaci\u00f3n y comunicaci\u00f3n cuidar\u00e1n de las personas, respetar\u00e1n su dolor y priorizar\u00e1n la ayuda al ser humano antes de la obtenci\u00f3n de la noticia.<br \/>\n&#8211; El pluralismo estar\u00e1 presente en todos los espacios que difundimos, respetando los criterios que las personas puedan hacer a partir de nuestra informaci\u00f3n.<br \/>\n&#8211; Buscaremos el bien com\u00fan, la construcci\u00f3n y profundizaci\u00f3n del Sumak Kawsay desde nuestro trabajo period\u00edstico, informativo y comunicacional, respetando las normas \u00e9ticas de la sociedad a la que nos debemos y los principios b\u00e1sicos de convivencia, como el de no aprovechar la condici\u00f3n de comunicadores para obtener beneficios personales.<br \/>\n&#8211; Nos comprometeremos con las causas y luchas sociales que vayan en beneficio de la mayor\u00eda y en ning\u00fan caso apoyaremos la violencia.<\/p>\n<p style=\"text-align: left;\">\n3. Respeto a la dignidad humana:<br \/>\n&#8211; Valoramos y respetamos la dignidad de todas las personas, sin importar su origen \u00e9tnico, religi\u00f3n, g\u00e9nero, orientaci\u00f3n sexual o cualquier otra caracter\u00edstica personal. Evitamos cualquier forma de discriminaci\u00f3n o estigmatizaci\u00f3n en nuestra programaci\u00f3n.<\/p>\n<p style=\"text-align: left;\">\n4. Mantener la reserva y confidencialidad de las fuentes:<br \/>\n&#8211; Mantendremos la reserva y confidencialidad de nuestras fuentes, salvaguardando la integridad informativa.<br \/>\n&#8211; Solo revelamos informaci\u00f3n personal cuando sea necesario y con el consentimiento de los involucrados.<br \/>\n&#8211; Al garantizar la reserva y confidencialidad de las fuentes, Radio Sucumb\u00edos se compromete a salvaguardar la integridad de la informaci\u00f3n que reciben. Esto significa que las fuentes pueden compartir informaci\u00f3n de manera segura y sin temor a represalias, lo que a su vez fomenta la divulgaci\u00f3n de datos precisos y verificables.<br \/>\n&#8211; Al mantener la confidencialidad de las fuentes, Radio Sucumb\u00edos evita cualquier influencia indebida o presi\u00f3n externa que pueda afectar la objetividad de la informaci\u00f3n transmitida. Esto promueve la independencia editorial y asegura que las noticias se basen en hechos verificables y no en agendas ocultas o intereses particulares.<br \/>\n&#8211; Al proteger la identidad de las fuentes, la emisora puede realizar una investigaci\u00f3n exhaustiva y corroborar la veracidad de la informaci\u00f3n proporcionada. Esto garantiza que las noticias difundidas sean precisas, confiables y libres de rumores o especulaciones.<br \/>\n&#8211; La reserva y confidencialidad de las fuentes tambi\u00e9n implica la responsabilidad de los periodistas de verificar la informaci\u00f3n antes de su difusi\u00f3n. Esto ayuda a evitar la difusi\u00f3n de noticias falsas o informaci\u00f3n no verificada, lo que a su vez fortalece la credibilidad de la emisora.<\/p>\n<p style=\"text-align: left;\">\n5. Responsabilidad social:<br \/>\n&#8211; Somos conscientes de nuestra responsabilidad social y nos esforzamos por contribuir al desarrollo de nuestra comunidad. Promovemos valores positivos y respetuosos en nuestra programaci\u00f3n, evitando la difusi\u00f3n de contenidos que puedan ser perjudiciales o irresponsables.<br \/>\n&#8211; Buscaremos construir una sociedad incluyente, respetuosa de la diversidad, con especial atenci\u00f3n a grupos prioritarios para la sociedad ecuatoriana.<br \/>\n&#8211; Priorizaremos la equidad en todos los sentidos de la informaci\u00f3n, tanto con actores y actoras sociales como en la diversificaci\u00f3n de la informaci\u00f3n.<\/p>\n<p style=\"text-align: left;\">\n6. Derecho de r\u00e9plica y rectificaci\u00f3n:<br \/>\n&#8211; En caso de incurrir en error, nos comprometemos a rectificarlo en los mismos horarios y con el mismo tiempo destinado.<br \/>\n&#8211; En caso de que se solicite r\u00e9plica de una noticia, nos comprometemos a brindar el mismo espacio para que la parte afectada pueda dar su versi\u00f3n de los hechos.<\/p>\n<p style=\"text-align: left;\">\n7. Protecci\u00f3n de ni\u00f1os, ni\u00f1as y adolescentes y grupos vulnerables:<br \/>\n&#8211; Priorizaremos la difusi\u00f3n de informaci\u00f3n relevante para comunidades sociales, grupos de atenci\u00f3n prioritaria o de inter\u00e9s nacional.<br \/>\n&#8211; Respetaremos franjas horarias para la difusi\u00f3n de noticias, con el fin de evitar que ni\u00f1os, ni\u00f1as y adolescentes se expongan a contenidos que no son aptos para su edad.<br \/>\n&#8211; Indicaremos cada tipo de programa que presentamos, de manera que los padres de familia y tutores puedan conocer qu\u00e9 programaci\u00f3n est\u00e1n escuchando los ni\u00f1os, ni\u00f1as y adolescentes.<\/p>\n<p style=\"text-align: left;\">\n8. Solidaridad comprometida:<br \/>\n&#8211; Los comunicadores y comunicadoras que prestan sus servicios a Radio Sucumb\u00edos cuentan con el respaldo solidario y comprometido de las investigaciones y trabajos period\u00edsticos que realicen en el marco de nuestras<br \/>\nEn resumen, en Radio Sucumb\u00edos nos regimos por un s\u00f3lido c\u00f3digo de \u00e9tica que nos gu\u00eda en nuestra labor comunicativa. Valoramos la diversidad, la veracidad, la independencia y el respeto a los derechos humanos, trabajando siempre en beneficio de nuestra comunidad.<\/p>\n<h5 style=\"text-align: left;\">\nLic. V\u00edctor G\u00f3mez<br \/>\nDirector Radio Sucumb\u00edos<\/h5>\n<p><strong>\u00a0<\/strong><\/p>\n<ul>\n<li><\/li>\n<\/ul>\n","protected":false},"excerpt":{"rendered":"<p>Ub\u00edcanos en el mapa Misi\u00f3n, Visi\u00f3n e Historia de Radio Sucumb\u00edos Misi\u00f3n: Radio Sucumb\u00edos es una emisora comunitaria, servicio pastoral del Vicariato Apost\u00f3lico de San Miguel de Sucumb\u00edos, con autonom\u00eda de gesti\u00f3n econ\u00f3mica; produce y difunde programas informativos, educativos, de entretenimiento y evangelizaci\u00f3n, promueve la participaci\u00f3n ciudadana y el di\u00e1logo social de los habitantes de [&hellip;]<\/p>\n","protected":false},"author":1,"featured_media":78,"parent":0,"menu_order":0,"comment_status":"closed","ping_status":"closed","template":"","meta":{"footnotes":""},"class_list":["post-99","page","type-page","status-publish","has-post-thumbnail","hentry"],"_links":{"self":[{"href":"https:\/\/radiosucumbios.org.ec\/index.php?rest_route=\/wp\/v2\/pages\/99","targetHints":{"allow":["GET"]}}],"collection":[{"href":"https:\/\/radiosucumbios.org.ec\/index.php?rest_route=\/wp\/v2\/pages"}],"about":[{"href":"https:\/\/radiosucumbios.org.ec\/index.php?rest_route=\/wp\/v2\/types\/page"}],"author":[{"embeddable":true,"href":"https:\/\/radiosucumbios.org.ec\/index.php?rest_route=\/wp\/v2\/users\/1"}],"replies":[{"embeddable":true,"href":"https:\/\/radiosucumbios.org.ec\/index.php?rest_route=%2Fwp%2Fv2%2Fcomments&post=99"}],"version-history":[{"count":33,"href":"https:\/\/radiosucumbios.org.ec\/index.php?rest_route=\/wp\/v2\/pages\/99\/revisions"}],"predecessor-version":[{"id":3506,"href":"https:\/\/radiosucumbios.org.ec\/index.php?rest_route=\/wp\/v2\/pages\/99\/revisions\/3506"}],"wp:featuredmedia":[{"embeddable":true,"href":"https:\/\/radiosucumbios.org.ec\/index.php?rest_route=\/wp\/v2\/media\/78"}],"wp:attachment":[{"href":"https:\/\/radiosucumbios.org.ec\/index.php?rest_route=%2Fwp%2Fv2%2Fmedia&parent=99"}],"curies":[{"name":"wp","href":"https:\/\/api.w.org\/{rel}","templated":true}]}}